{"id":612,"date":"2023-11-18T21:44:03","date_gmt":"2023-11-18T20:44:03","guid":{"rendered":"https:\/\/cla-edition.fr\/?post_type=product&#038;p=612"},"modified":"2024-04-04T11:24:05","modified_gmt":"2024-04-04T09:24:05","slug":"au-bout-de-mes-reves","status":"publish","type":"product","link":"https:\/\/cla-edition.fr\/index.php\/produit\/au-bout-de-mes-reves\/","title":{"rendered":"Au bout de mes r\u00eaves"},"content":{"rendered":"<p>Teddy et Matt sont de jeunes footballeurs en herbe. Ils vont \u00eatre confront\u00e9s \u00e0 un choix crucial : rester fid\u00e8les \u00e0 leurs convictions ou c\u00e9der au chant des sir\u00e8nes.<\/p>\n","protected":false},"excerpt":{"rendered":"<p>Teddy et Matt sont de jeunes footballeurs en herbe. Ils vont \u00eatre confront\u00e9s \u00e0 un choix crucial : rester fid\u00e8les \u00e0 leurs convictions ou c\u00e9der au chant des sir\u00e8nes.<\/p>\n","protected":false},"featured_media":613,"comment_status":"open","ping_status":"closed","template":"","meta":[],"product_brand":[],"product_cat":[22],"product_tag":[],"class_list":{"0":"post-612","1":"product","2":"type-product","3":"status-publish","4":"has-post-thumbnail","6":"product_cat-livres-illustres","8":"first","9":"instock","10":"shipping-taxable","11":"purchasable","12":"product-type-simple"},"_links":{"self":[{"href":"https:\/\/cla-edition.fr\/index.php\/wp-json\/wp\/v2\/product\/612","targetHints":{"allow":["GET"]}}],"collection":[{"href":"https:\/\/cla-edition.fr\/index.php\/wp-json\/wp\/v2\/product"}],"about":[{"href":"https:\/\/cla-edition.fr\/index.php\/wp-json\/wp\/v2\/types\/product"}],"replies":[{"embeddable":true,"href":"https:\/\/cla-edition.fr\/index.php\/wp-json\/wp\/v2\/comments?post=612"}],"wp:featuredmedia":[{"embeddable":true,"href":"https:\/\/cla-edition.fr\/index.php\/wp-json\/wp\/v2\/media\/613"}],"wp:attachment":[{"href":"https:\/\/cla-edition.fr\/index.php\/wp-json\/wp\/v2\/media?parent=612"}],"wp:term":[{"taxonomy":"product_brand","embeddable":true,"href":"https:\/\/cla-edition.fr\/index.php\/wp-json\/wp\/v2\/product_brand?post=612"},{"taxonomy":"product_cat","embeddable":true,"href":"https:\/\/cla-edition.fr\/index.php\/wp-json\/wp\/v2\/product_cat?post=612"},{"taxonomy":"product_tag","embeddable":true,"href":"https:\/\/cla-edition.fr\/index.php\/wp-json\/wp\/v2\/product_tag?post=612"}],"curies":[{"name":"wp","href":"https:\/\/api.w.org\/{rel}","templated":true}]}}