{"id":396,"date":"2023-10-13T17:24:04","date_gmt":"2023-10-13T15:24:04","guid":{"rendered":"https:\/\/cla-edition.fr\/?post_type=product&#038;p=396"},"modified":"2024-11-20T13:14:24","modified_gmt":"2024-11-20T12:14:24","slug":"mediter-avec-les-psaumes","status":"publish","type":"product","link":"https:\/\/cla-edition.fr\/index.php\/produit\/mediter-avec-les-psaumes\/","title":{"rendered":"M\u00e9diter avec les Psaumes"},"content":{"rendered":"<p>Livre de m\u00e9ditations quotidiennes pour se rapprocher de Dieu gr\u00e2ce aux psaumes. Il s&rsquo;agit du premier tome de <em>M\u00e9diter avec les Psaumes<\/em> bas\u00e9 sur les 30 premiers chapitres du livre des Psaumes.<\/p>\n","protected":false},"excerpt":{"rendered":"<p>Livre de m\u00e9ditations quotidiennes pour se rapprocher de Dieu gr\u00e2ce aux psaumes. Il s&rsquo;agit du premier tome de M\u00e9diter avec les Psaumes bas\u00e9 sur les 30 premiers chapitres du livre des Psaumes.<\/p>\n","protected":false},"featured_media":360,"comment_status":"open","ping_status":"closed","template":"","meta":[],"product_brand":[],"product_cat":[23],"product_tag":[],"class_list":{"0":"post-396","1":"product","2":"type-product","3":"status-publish","4":"has-post-thumbnail","6":"product_cat-meditation","8":"first","9":"instock","10":"shipping-taxable","11":"purchasable","12":"product-type-simple"},"_links":{"self":[{"href":"https:\/\/cla-edition.fr\/index.php\/wp-json\/wp\/v2\/product\/396","targetHints":{"allow":["GET"]}}],"collection":[{"href":"https:\/\/cla-edition.fr\/index.php\/wp-json\/wp\/v2\/product"}],"about":[{"href":"https:\/\/cla-edition.fr\/index.php\/wp-json\/wp\/v2\/types\/product"}],"replies":[{"embeddable":true,"href":"https:\/\/cla-edition.fr\/index.php\/wp-json\/wp\/v2\/comments?post=396"}],"wp:featuredmedia":[{"embeddable":true,"href":"https:\/\/cla-edition.fr\/index.php\/wp-json\/wp\/v2\/media\/360"}],"wp:attachment":[{"href":"https:\/\/cla-edition.fr\/index.php\/wp-json\/wp\/v2\/media?parent=396"}],"wp:term":[{"taxonomy":"product_brand","embeddable":true,"href":"https:\/\/cla-edition.fr\/index.php\/wp-json\/wp\/v2\/product_brand?post=396"},{"taxonomy":"product_cat","embeddable":true,"href":"https:\/\/cla-edition.fr\/index.php\/wp-json\/wp\/v2\/product_cat?post=396"},{"taxonomy":"product_tag","embeddable":true,"href":"https:\/\/cla-edition.fr\/index.php\/wp-json\/wp\/v2\/product_tag?post=396"}],"curies":[{"name":"wp","href":"https:\/\/api.w.org\/{rel}","templated":true}]}}