{"id":379,"date":"2023-10-13T15:21:03","date_gmt":"2023-10-13T13:21:03","guid":{"rendered":"https:\/\/cla-edition.fr\/?post_type=product&#038;p=379"},"modified":"2025-06-11T15:26:43","modified_gmt":"2025-06-11T13:26:43","slug":"cahier-dapprentissage-pour-les-moyennes-sections","status":"publish","type":"product","link":"https:\/\/cla-edition.fr\/index.php\/produit\/cahier-dapprentissage-pour-les-moyennes-sections\/","title":{"rendered":"Cahier d&rsquo;apprentissage pour les Moyennes Sections"},"content":{"rendered":"<p>Ce cahier d&rsquo;exercices permet aux enfants de Moyenne Section (4-5 ans) de consolider leurs acquis tout en d\u00e9veloppant de nouvelles comp\u00e9tences, gr\u00e2ce aux personnages de la Bible.<\/p>\n","protected":false},"excerpt":{"rendered":"<p>Ce cahier d&rsquo;exercices permet aux enfants de Moyenne Section (4-5 ans) de consolider leurs acquis tout en d\u00e9veloppant de nouvelles comp\u00e9tences, gr\u00e2ce aux personnages de la Bible.<\/p>\n","protected":false},"featured_media":332,"comment_status":"open","ping_status":"closed","template":"","meta":[],"product_brand":[],"product_cat":[21],"product_tag":[],"class_list":{"0":"post-379","1":"product","2":"type-product","3":"status-publish","4":"has-post-thumbnail","6":"product_cat-cahier-dexercices","8":"first","9":"instock","10":"featured","11":"shipping-taxable","12":"purchasable","13":"product-type-simple"},"_links":{"self":[{"href":"https:\/\/cla-edition.fr\/index.php\/wp-json\/wp\/v2\/product\/379","targetHints":{"allow":["GET"]}}],"collection":[{"href":"https:\/\/cla-edition.fr\/index.php\/wp-json\/wp\/v2\/product"}],"about":[{"href":"https:\/\/cla-edition.fr\/index.php\/wp-json\/wp\/v2\/types\/product"}],"replies":[{"embeddable":true,"href":"https:\/\/cla-edition.fr\/index.php\/wp-json\/wp\/v2\/comments?post=379"}],"wp:featuredmedia":[{"embeddable":true,"href":"https:\/\/cla-edition.fr\/index.php\/wp-json\/wp\/v2\/media\/332"}],"wp:attachment":[{"href":"https:\/\/cla-edition.fr\/index.php\/wp-json\/wp\/v2\/media?parent=379"}],"wp:term":[{"taxonomy":"product_brand","embeddable":true,"href":"https:\/\/cla-edition.fr\/index.php\/wp-json\/wp\/v2\/product_brand?post=379"},{"taxonomy":"product_cat","embeddable":true,"href":"https:\/\/cla-edition.fr\/index.php\/wp-json\/wp\/v2\/product_cat?post=379"},{"taxonomy":"product_tag","embeddable":true,"href":"https:\/\/cla-edition.fr\/index.php\/wp-json\/wp\/v2\/product_tag?post=379"}],"curies":[{"name":"wp","href":"https:\/\/api.w.org\/{rel}","templated":true}]}}